8 - -8. What is the tens digit of (-95)/(-5) + z + -2?
1
Let c(x) = -2*x + 1. Let y be c(-2). Suppose 3*o - 9 = -3. Suppose o*a + 2*a - 40 = -y*d, -16 = -4*d. What is the units digit of a?
5
Let w(s) = -6 + 1 + 2 + 2*s. What is the units digit of w(4)?
5
Let k be (-2 + 6/4)*-4. Let f = k - -17. What is the units digit of f?
9
Suppose 2*u + 4 + 8 = 2*j, -27 = 2*u - 5*j. Let t(c) = 6*c**2 + c. What is the units digit of t(u)?
5
Let y be 42/15 + 1/5. Suppose x - 41 = -3*j, -j = -x - 2*x + y. What is the units digit of j?
2
Suppose -10*h + 180 = -5*h. Suppose h = 5*b - 79. What is the tens digit of b?
2
Let u(l) = -3*l + 19*l**2 - 8*l**2 - 2 - 6*l**2. What is the tens digit of u(3)?
3
Let b(q) = q**2 + 9*q. Let n be b(-9). Suppose 0 = -h - n*h + 18. What is the tens digit of h?
1
Let j = -9 + 34. Suppose -4*k = -j - 15. Let r = k + -7. What is the units digit of r?
3
Let a(t) = -t + 7. Let q be a(4). Let c = 4 - q. What is the units digit of -6*c/2*-2?
6
Suppose -3*q - 6 = 0, 3*t + 2*q + 153 - 497 = 0. What is the tens digit of t?
1
Let l be (-4)/(-6) - 21/(-9). Suppose -t + 1 = l. Let z = t - -4. What is the units digit of z?
2
Let m be 2/11 + 93/33. Let r be (4/(-6))/(8/24). Let z = m + r. What is the units digit of z?
1
Let k(z) = 2*z**2 + 5*z - 14. What is the units digit of k(-6)?
8
Let m = 134 + -130. What is the units digit of m?
4
What is the units digit of 3 + -3 + -2 + 13?
1
Suppose -x = -3*h + 1, -4*x + 2*h + 1 + 5 = 0. Let q = 39 - 26. Suppose q + x = 3*t. What is the units digit of t?
5
Let c = -265 + 392. What is the tens digit of c?
2
Suppose -n - i - 17 = -3*i, -5*i + 25 = 0. Let z(m) = -m**3 - 8*m**2 - 8*m - 6. What is the units digit of z(n)?
1
Suppose -5*b - 366 = -931. What is the units digit of b?
3
Suppose v - 49 = -5*t, -2*t = -4*t + v + 14. What is the units digit of 6/(-27) + 200/t?
2
Suppose 0 = v - 3*v + 114. What is the units digit of v?
7
Let m be 4530/50 - (-3)/(-5). Suppose 4*q = 2*i - m, -26 = 3*q - 11. What is the tens digit of i?
3
Let m be 2 - (1 - 3 - -1). Suppose -18 = 2*k - m*k. What is the tens digit of k?
1
Let j be 6 + -8 + (1 - -1). Suppose -t - 21 = -j*t. Let w = t + 29. What is the units digit of w?
8
Let x(z) = 9*z**2 + 2 + 4 + 10*z - z**3 + 0. Let t be (-20)/2*(-2)/2. What is the units digit of x(t)?
6
What is the units digit of 4/9 - (-16604)/63?
4
Suppose 98*k - 102*k = -1392. What is the units digit of k?
8
Suppose -3 - 3 = -2*c. Suppose 2*h = -0*y - 2*y + 46, -87 = -3*h + 3*y. What is the units digit of (-4)/6 + h/c?
8
Suppose 4*w - 8*w = 4*y - 200, -w = -5*y + 274. What is the tens digit of y?
5
Suppose -7*t + 158 + 430 = 0. What is the tens digit of t?
8
Let q = 27 - 19. What is the units digit of q?
8
Let a(v) = 239*v**2 + 6*v - 6. What is the hundreds digit of a(1)?
2
Let v(w) = -w**3 + 5*w**2 - 3*w + 1. Suppose -b - 12 = -4*z, -3*z + z + 6 = b. What is the tens digit of v(z)?
1
Let a(w) = -8*w + 2. Let n be a(2). What is the units digit of (-94)/n - (-14)/49?
7
Let v = -43 + 12. What is the tens digit of 2 + 3 + -3 - v?
3
Suppose -6*h + 228 = -54. What is the tens digit of h?
4
Let b(v) = -v - 1 + 2 + 5. Let q(h) = -h**2 - 6*h - 3. Let y be q(-4). What is the units digit of b(y)?
1
Let a be 53/(-2) + 2/4. Let v(t) = t**3 + 17*t**2 + 4. Let g be v(-17). What is the units digit of g/a - (-60)/52?
1
Let l = 20 - 9. Let z = l - 7. Suppose 10 = z*g - 6. What is the units digit of g?
4
Suppose 0 = 2*k - k - 12. Let p be 3/(-12) + 26/8. Suppose p*s = 2*r - 3, k = r + 4*s - 2*s. What is the units digit of r?
6
Suppose 0 = -3*p + 3*t - 90, 3*p - 2*t = 39 - 124. Let y = p + 43. What is the units digit of y?
8
Let f be 0/((-1)/(3 + -2)). Let r = 7 + -1. Let y = r - f. What is the units digit of y?
6
Let u = -3 + 2. Suppose 4*y = -g - y + 2, -g + 8 = 3*y. What is the tens digit of g + u - (-5 + 2)?
1
Let f = -33 + 78. What is the units digit of f?
5
Suppose -3*q + 7*q = 5*g - 31, 3*q - g = -26. Let b = 2 - q. Suppose 9 + b = 5*l. What is the units digit of l?
4
Suppose 446 + 22 = 2*c. What is the hundreds digit of c?
2
Suppose g + 3*g + 12 = 0. Let a = g - -11. What is the units digit of a?
8
Suppose -14 = -5*j + 1. Suppose 3*l - 2*l = j. Suppose 5*h + 26 = l*b, -b - 2*h + 52 = 3*b. What is the tens digit of b?
1
Suppose -5*d = 3*z - 823, -4*d + 340 = 4*z - 320. What is the hundreds digit of d?
1
Let x = -81 - -210. What is the tens digit of x?
2
Let a(g) = 4*g**3 + g**2 + g - 1. Let m be a(1). Let x = m - 25. What is the units digit of (x/6)/(4/(-6))?
5
Let c = 20 - 14. Let v(t) = t**2 - 6*t - 2. Let l be v(c). What is the units digit of l + 6 + -2 + -1?
1
Let z = -1 + 18. What is the units digit of z?
7
Suppose -k + 3*k - 6 = 0. Suppose -2*c + k = -5. What is the units digit of (-12)/(-3) + (2 - c)?
2
Suppose -4*y = -2*y + 3*z - 81, 0 = 2*y + 4*z - 82. What is the units digit of y?
9
Let a = 2 - 3. What is the units digit of 468/15 + a/5?
1
Let z = -19 - -21. Suppose 5*c = -25, -z*h - 5*c - 7 - 16 = 0. What is the units digit of h?
1
Let t(q) = -5*q + 2. What is the units digit of t(-6)?
2
Let g(f) = -f**3 - 6*f**2 - 2*f - 7. Let i be g(-6). Suppose 4*q - 12 = -0, 5*k - 25 = -i*q. Suppose -2 = -k*o + o. What is the units digit of o?
2
Suppose 0 = -p - p + 62. Suppose -n + 29 = -p. Suppose 0 = 2*f + f - n. What is the units digit of f?
0
Let q be (11*-2)/(-5 + 3). Suppose 0 = h - 3*o - q, -8 - 8 = -2*h + 3*o. Suppose -u = 3*u - 12, h*c - 3*u = 61. What is the units digit of c?
4
Let u = -27 - -43. Suppose -u = 3*f - f. Let c(b) = -b**2 - 9*b - 1. What is the units digit of c(f)?
7
Let b(f) = 5*f - 4. Let q(z) = 21*z - 17. Let c(a) = -26*b(a) + 6*q(a). What is the tens digit of c(-3)?
1
Let k(m) = -4*m - 12. Suppose 9 - 41 = 4*n. What is the tens digit of k(n)?
2
Suppose 177 = j + 4*k - 0*k, -3*j + 504 = 3*k. What is the tens digit of j?
6
Suppose -5*q = 2*v, 3*v + 2*q + 2*q = 0. What is the units digit of v + 1/(3/21)?
7
Let a(o) = o**3 - 7*o**2 + 3*o + 6. What is the tens digit of a(7)?
2
Let n = 655 - 413. What is the tens digit of n?
4
Let p(l) = -l**3 + 6*l**2 + l - 3*l**2 - 3 - 3*l + 5*l. What is the units digit of p(3)?
6
Suppose 5*t + 64 = 7*t. What is the tens digit of t?
3
Let b(u) = 23*u**2 + 1. Let q be b(-1). Suppose s - 4*s + q = 3*l, -s = -2*l - 14. Suppose -8*x = -3*x - s. What is the units digit of x?
2
Let g(d) = d**2 - 7*d + 6. Let x(f) = -f**2 - 4*f + 3. Let j be x(-4). Suppose z - 1 + 9 = 4*l, 3*z = -j*l + 36. What is the tens digit of g(z)?
1
Suppose 4*j + t + 29 = 0, -3*j = -j - 3*t - 3. What is the units digit of ((-2)/j)/(5/75)?
5
Suppose q + 1 = 4. Suppose 4*o = 22 + 74. Suppose 0*g - o = -q*g. What is the units digit of g?
8
Let h = -10 - -7. Let t = h + 13. What is the tens digit of t?
1
Suppose -23*l = -26*l + 639. What is the tens digit of l?
1
Let o(t) = -2*t + 5. What is the units digit of o(-4)?
3
Suppose p - 2*b = 3 - 7, -5*b = p + 18. Let u be (-2)/3*(p + -1). Suppose 3*f + m = 18, -3*f - 3*m + u = -6. What is the units digit of f?
7
Suppose 5*i - p = 430, 2*i + 5*p - 230 = -i. What is the units digit of i?
5
Suppose b + 6 = 30. Suppose -y + b = 2*y. What is the units digit of y?
8
Let i = 17 - -5. What is the units digit of i?
2
Suppose -135 = 5*u - 0*u. Let n = u + 58. What is the units digit of n?
1
Let c(d) be the third derivative of -7*d**4/24 + d**3/6 - d**2. Suppose -6*p - 4 - 2 = 0. What is the units digit of c(p)?
8
Let g be (0 - (4 - 1))/(-1). Suppose 4*b + 2*u - u - 15 = 0, 25 = 5*b - 5*u. Suppose -b*v = -g*v - 10. What is the tens digit of v?
1
Let h = -16 + 7. Let q = h + 17. What is the units digit of q?
8
Let u(i) = 6*i. Let q be u(1). Suppose 2*w - 20 = q. What is the tens digit of w?
1
Let z(f) = -f**2 - 17*f - 7. What is the tens digit of z(-15)?
2
Suppose w - 2 = -3*o + o, 4*o + 20 = w. Suppose -h = 2*j + 2 - w, -4*h = 2*j. What is the units digit of j?
4
Let m be (3 - 4)/((-2)/6). Let i(h) = 2*h. What is the units digit of i(m)?
6
Suppose 99 = 3*o + 2*c, 41 - 146 = -3*o - 4*c. What is the tens digit of o?
3
Let g(a) be the first derivative of -a**2/2 - 3*a - 1. Let f be g(-6). Suppose 4*j = 5*c - 20, -f*j + 12 = -c + j. What is the units digit of c?
8
Let h(w) = -w**3 - 3*w**2 - 3*w - 4. Let c be h(-3). Let i be (-42)/49*(-14)/3. Suppose t = 5*b 